rs of 363339616?
2, 11354363
List the prime factors of 2088848038.
2, 17, 3593, 17099
List the prime factors of 1345006838.
2, 7, 173, 557, 997
List the prime factors of 159356337.
3, 7, 31, 244787
List the prime factors of 174686893.
19, 293, 31379
List the prime factors of 3635826082.
2, 7, 259701863
List the prime factors of 47866423.
11, 4351493
List the prime factors of 992624879.
61, 16272539
List the prime factors of 3690613267.
11, 641, 523417
What are the prime factors of 940403875?
5, 17, 23, 71, 271
List the prime factors of 247073900.
2, 5, 2470739
List the prime factors of 5654938346.
2, 19, 29, 31, 165533
What are the prime factors of 385569761?
29, 2081, 6389
List the prime factors of 1357500075.
3, 5, 31, 113, 5167
What are the prime factors of 441194983?
89, 4957247
What are the prime factors of 3801954984?
2, 3, 29, 211, 25889
What are the prime factors of 116082392?
2, 17, 853547
List the prime factors of 7060808064.
2, 3, 18387521
List the prime factors of 143732683.
143732683
List the prime factors of 127785081.
3, 42595027
List the prime factors of 1192883054.
2, 11, 54221957
What are the prime factors of 1015400236?
2, 5521, 45979
What are the prime factors of 247354260?
2, 3, 5, 4122571
List the prime factors of 80137324.
2, 29, 690839
What are the prime factors of 105337420?
2, 5, 59, 89269
What are the prime factors of 910826418?
2, 3, 151804403
List the prime factors of 11675431.
1307, 8933
List the prime factors of 9865460.
2, 5, 11, 44843
List the prime factors of 43954570.
2, 5, 11, 399587
List the prime factors of 142647713.
13, 10972901
List the prime factors of 490890652.
2, 7, 1889, 9281
List the prime factors of 83777347.
83777347
List the prime factors of 6630013843.
19, 29, 3169, 3797
What are the prime factors of 1510569302?
2, 11, 31, 2214911
List the prime factors of 81927286.
2, 7, 2027, 2887
List the prime factors of 1667520990.
2, 3, 5, 17, 47, 23189
List the prime factors of 311477770.
2, 5, 31, 947, 1061
What are the prime factors of 2300094394?
2, 13, 6805013
List the prime factors of 2485824844.
2, 621456211
List the prime factors of 1178046.
2, 3, 65447
What are the prime factors of 48265094?
2, 37, 239, 2729
What are the prime factors of 1494500899?
7723, 193513
List the prime factors of 587581062.
2, 3, 3463, 28279
What are the prime factors of 1866031141?
13, 1601, 89657
List the prime factors of 74475306.
2, 3, 29, 142673
What are the prime factors of 1102671915?
3, 5, 107, 687023
List the prime factors of 4099662494.
2, 233, 8797559
List the prime factors of 1566418524.
2, 3, 11, 73, 149, 1091
What are the prime factors of 86424618?
2, 3, 7, 2057729
List the prime factors of 521114167.
7, 97, 109639
List the prime factors of 739724169.
3, 19, 12977617
List the prime factors of 214898531.
19, 11310449
List the prime factors of 1470743959.
409, 3595951
What are the prime factors of 1284213999?
3, 157, 2726569
What are the prime factors of 129352428?
2, 3, 43, 83561
List the prime factors of 662126783.
23, 2753, 10457
What are the prime factors of 12039441?
3, 43, 93329
List the prime factors of 1148552725.
5, 17, 23, 117499
What are the prime factors of 78085048?
2, 47, 207673
What are the prime factors of 2549419897?
2549419897
What are the prime factors of 25169662?
2, 7, 1797833
List the prime factors of 146724847.
131, 1021, 1097
What are the prime factors of 255585780?
2, 3, 5, 157769
What are the prime factors of 293272381?
293272381
List the prime factors of 299420935.
5, 11, 229, 23773
What are the prime factors of 146777919?
3, 48925973
What are the prime factors of 4499843923?
4499843923
What are the prime factors of 1855098824?
2, 231887353
List the prime factors of 152485079.
181, 619, 1361
What are the prime factors of 200905912?
2, 25113239
List the prime factors of 961764705.
3, 5, 11, 19, 89, 383
List the prime factors of 309840312.
2, 3, 12910013
What are the prime factors of 5157381124?
2, 7, 1117, 23557
What are the prime factors of 5398605720?
2, 3, 5, 281, 17789
What are the prime factors of 6850618?
2, 733, 4673
What are the prime factors of 149202337?
149202337
What are the prime factors of 1192439045?
5, 7, 34069687
List the prime factors of 1358870394.
2, 3, 7, 137, 139, 1699
What are the prime factors of 1311017795?
5, 61, 4298419
What are the prime factors of 2007939007?
251, 7999757
What are the prime factors of 106243584?
2, 3, 263
List the prime factors of 482944414.
2, 71, 3401017
List the prime factors of 179453805.
3, 5, 67, 178561
What are the prime factors of 640162766?
2, 41, 7806863
What are the prime factors of 96083217?
3, 10675913
List the prime factors of 183865005.
3, 5, 1361963
List the prime factors of 1752871790.
2, 5, 19, 1987, 4643
What are the prime factors of 46718554?
2, 43, 107, 5077
What are the prime factors of 31630663?
31630663
List the prime factors of 51559907.
7, 37, 28439
What are the prime factors of 787912697?
11, 13, 67, 82237
List the prime factors of 86805697.
11, 59, 2267
List the prime factors of 1373697980.
2, 5, 2269, 30271
List the prime factors of 2287830770.
2, 5, 113, 1249, 1621
What are the prime factors of 1487745995?
5, 297549199
List the prime factors of 133570771.
43, 3106297
List the prime factors of 1008500.
2, 5, 2017
List the prime factors of 923901816.
2, 3, 38495909
What are the prime factors of 21122976?
2, 3, 7, 17, 43
What are the prime factors of 16709487?
3, 17, 47, 6971
What are the prime factors of 521603578?
2, 37, 7048697
What are the prime factors of 582421069?
677, 860297
List the prime factors of 334382994.
2, 3, 11, 1688803
What are the prime factors of 624169897?
13, 43, 6607
What are the prime factors of 1598895?
3, 5, 35531
What are the prime factors of 135363357?
3, 15040373
List the prime factors of 1849711.
1849711
List the prime factors of 82304025.
3, 5, 131, 8377
List the prime factors of 479199699.
3, 11, 631, 2557
What are the prime factors of 6118372577?
23, 37, 7189627
What are the prime factors of 146527116?
2, 3, 1433, 8521
What are the prime factors of 4835684437?
53, 89, 1025161
List the prime factors of 1294566069.
3, 16481, 26183
List the prime factors of 4948085313.
3, 2262499
List the prime factors of 136901786.
2, 7, 79, 17683
List the prime factors of 2280942775.
5, 23, 3966857
What are the prime factors of 195994273?
195994273
What are the prime factors of 40570233?
3, 11, 1229401
What are the prime factors of 1503555848?
2, 187944481
What are the prime factors of 6019139?
7, 17, 50581
List the prime factors of 345604564.
2, 1201, 71941
What are the prime factors of 51917937?
3, 19, 47939
List the prime factors of 35893066.
2, 11, 1631503
What are the prime factors of 92929818?
2, 3, 317, 48859
List the prime factors of 6353083471.
7, 787, 1153219
What are the prime factors of 164929339?
251, 657089
List the prime factors of 681185.
5, 136237
What are the prime factors of 187569623?
23, 31, 263071
What are the prime factors of 320770210?
2, 5, 32077021
What are the prime factors of 1479325596?
2, 3, 7, 17611019
What are the prime factors of 52834073?
317, 166669
List the prime factors of 3046366310.
2, 5, 13, 23433587
List the prime factors of 182586458.
2, 1019, 89591
List the prime factors of 19927310.
2, 5, 13, 153287
List the prime factors of 1119244532.
2, 7, 419, 95401
What are the prime factors of 60393252?
2, 3, 5032771
What are the prime factors of 181302317?
7, 277, 93503
List the prime factors of 10879630.
2, 5, 1087963
List the prime factors of 18749192.
2, 7, 11, 2767
List the prime factors of 32310458.
2, 43, 375703
List the prime factors of 50353247.
7, 67, 101, 1063
What are the prime factors of 264410796?
2, 3, 13, 1694941
List the prime factors of 1291267926.
2, 3, 13, 1839413
What are the prime factors of 611647393?
7, 87378199
What are the prime factors of 333074977?
1229, 271013
List the prime factors of 2169002249.
29, 179, 417839
What are the prime factors of 6666244?
2, 13, 17, 7541
What are the prime factors of 13253495?
5, 2650699
List the prime factors of 538347331.
1069, 503599
What are the prime factors of 1204283516?
2, 17207, 17497
List the prime factors of 207047063.
17, 12179239
List the prime factors of 138109464.
2, 3, 31, 43, 1439
List